isor of s and 56.
14
Let w(d) = -d**2 - 14*d + 7. Let h be w(-14). Let u(y) = 106*y - 3. Let f be u(1). Let s = f + -40. What is the greatest common factor of s and h?
7
Let x(r) = 321*r**2 - r - 2. Let u be x(-1). Let t = 1122 - 1112. What is the highest common factor of t and u?
10
Suppose 27*t = 12537 - 792. Calculate the greatest common factor of t and 1044.
87
Let i(s) = 74*s + 5996. Let w be i(-80). Calculate the greatest common factor of w and 2470.
38
Let k be (-58)/(-14) + 1/(-7). Let q be (-6)/k*8 + -4. Let p = q + 18. What is the greatest common factor of 18 and p?
2
Let g be (-39)/(-4)*((-1540)/(-210) + (-10)/3). Calculate the greatest common factor of g and 299.
13
Let s be (0 - 20/12)*27/(-15). Suppose -2*w - 304 = 5*t - 57, s*t + 4*w + 137 = 0. Let o be t/34 - (-18)/4. Calculate the greatest common divisor of 33 and o.
3
Let a be 6240/112 + (-4)/(-42)*(-6 + 9). What is the highest common factor of a and 824?
8
Suppose 27*v = 29695 + 72100 - 22091. Calculate the greatest common factor of 216 and v.
72
Let o(r) = -159*r + 3518. Let v be o(-6). Calculate the highest common factor of 104 and v.
104
Let r = -606 - -726. Calculate the highest common factor of 7960 and r.
40
Suppose -2*v + 521 = 89. Let d be -1 + 2 - 1 - -27. What is the greatest common divisor of d and v?
27
Let p be -5 - ((-9 - -5) + -3). Suppose 2*g - 4*m = 42, 0 = -p*g + 5*m - 0*m + 43. What is the highest common factor of g and 209?
19
Suppose 0 = -12*h + 4*h - 1184. Let i = 228 + h. Calculate the greatest common divisor of i and 5.
5
Let o be ((-266)/(-56))/(4/16). Suppose -56*n = -o*n - 5735. Calculate the greatest common factor of n and 93.
31
Let b = -75 - -70. Let x be ((-36)/10)/(b/275). What is the highest common divisor of x and 44?
22
Suppose 10*z = -0 + 50. Suppose -z*h - 165 = -5*j, 41 = 2*j - j + 3*h. Calculate the highest common factor of j and 280.
35
Let t be (200/(-14))/(36/(-126)). Let c = t + -49. What is the highest common factor of 89 and c?
1
Let r be (5/(-3))/(188/(-67257)*(-3)/(-16)). Calculate the highest common factor of 10 and r.
10
Let b(a) = a**3 - 201*a**2 - 6928*a - 450. Let z be b(231). Suppose 4*i = 4*x + 656, -3*i + 142 + 340 = 2*x. What is the highest common factor of i and z?
6
Let b be 30/100*(-24)/(-18)*160. What is the highest common factor of 5200 and b?
16
Let y = -626 - -650. Let o be ((-1)/2)/(12/(-240)). Let p be o/(-4)*96/(-15). Calculate the greatest common factor of p and y.
8
Let q be 3*(-10)/3*1. Let z(c) = c**2 + 14*c + 42. Let u be z(q). Suppose 2*g + 0*t - 8 = u*t, 0 = -5*t - 15. What is the highest common divisor of g and 1?
1
Let w be (56/(-10))/(438/(-1095)). Suppose -c + 0*c = -280. Calculate the highest common divisor of w and c.
14
Let r be ((-14800)/(-75))/37*(0 + (-126)/(-8)). What is the greatest common factor of r and 60?
12
Let l be 3/(-2)*(-1)/(16/6560). What is the highest common divisor of l and 60?
15
Suppose -7*c + 7*c = -3*c + 3120. What is the highest common factor of 5980 and c?
260
Let o(q) = 78 + 60*q + 1 - 61*q - 40. Suppose 26 = 3*x - 2*g, -2*x + x - 4*g = -4. Let l be o(x). What is the highest common factor of 279 and l?
31
Let t = -61 + 34. Let i = 97 + t. Suppose -4*v + 3*q = -84 - 47, 2*v = 3*q + 61. Calculate the greatest common factor of i and v.
35
Suppose -2*r + 14752 = 4*d, 49*r = -2*d + 47*r + 7376. What is the greatest common factor of d and 8?
8
Let w be ((-6)/(-4) - 1) + 1230/60. Suppose 19*n - 258 = 274. Calculate the highest common divisor of w and n.
7
Let x = -113 - -59. Let u = 10 - x. Suppose -u = -3*l - 10. Calculate the highest common factor of l and 63.
9
Let l(s) = -25*s**3 + 3*s**2 - 7*s - 16. Let v be l(-2). Calculate the greatest common factor of 920 and v.
10
Let b be 493/4 + (-33)/132. Let z = b + -116. Calculate the greatest common divisor of z and 77.
7
Suppose 5*x = -171*w + 167*w + 96313, x + 4*w = 19269. Calculate the greatest common divisor of x and 187.
187
Let x = 3133 + -3117. Let g(m) = -m**3 + 4*m**2 + 4. Let i be g(4). Let d be 1 + 276/x + (-1)/i. Calculate the highest common divisor of d and 36.
18
Let v(n) = 4*n**2 + 87*n + 330. Let y be v(-4). Calculate the greatest common divisor of y and 2162.
46
Let u be -66*(13 + 680/(-51)). Calculate the greatest common divisor of u and 4752.
22
Let y be 24/(-28) - (-558)/14. What is the greatest common divisor of y and 2964?
39
Suppose 2*j = -2, -y - 4*j + 7*j = -733. Suppose -y = -23*b + 558. Calculate the greatest common factor of 392 and b.
56
Let x = 235 - 265. Let m be 5/x*-12*(11 + 1). Calculate the highest common factor of 264 and m.
24
Let t(v) = v**3 + 6*v**2 + v - 5. Suppose 2*h + 90 = -2*q, 2*h - q + 135 = -h. Let y = h + 40. Let b be t(y). Calculate the highest common divisor of b and 165.
15
Suppose -16632 = 150*m - 161*m. Suppose -20*p - 7*p = -m. What is the highest common factor of 98 and p?
14
Let o = -164 - -179. Let w be (-100)/40*(-126)/o. What is the highest common divisor of 133 and w?
7
Let q(t) = -4*t - 12. Let o be q(-4). Suppose o*l - 2 = -3*a, -2*a = -a + 3*l - 9. Let r be 84*(-5)/(40/a). What is the greatest common divisor of r and 7?
7
Let d = 434 + -560. Let l be (d/(-30))/(8/240). What is the greatest common divisor of 84 and l?
42
Suppose -192 = -u - 2*h, -u + 193 = 5*h - 11. What is the greatest common factor of u and 782?
46
Let s be (-448)/(-128) - 2/(-4). Suppose 0 = 2*k + 3*u - 51, 0*k - 5*u = s*k - 97. Calculate the greatest common factor of k and 2.
2
Let r(g) = 9*g**3 - 2*g**2 - g + 2. Let y = 14 + -4. Suppose -y*a + 6*a = -4. Let u be r(a). Calculate the greatest common factor of 12 and u.
4
Let p(h) = 162*h**2 - 57*h**2 - 46*h**2 + 30 - 54*h**2 + 18*h. Let d be p(-6). Calculate the highest common factor of d and 153.
51
Suppose 76*p + 46*p - 1154 = 10558. What is the highest common factor of p and 208?
16
Suppose 105 = 3*g + j, 4*g + 5405*j = 5401*j + 140. Suppose 29 = 3*d - 10. Let v = 18 - d. What is the greatest common factor of v and g?
5
Let s(g) = -2*g**2 + 50*g + 61. Let i be s(26). Let v be 1 + -5 + (i - -2). Calculate the greatest common factor of 77 and v.
7
Let u = -483 + 497. What is the highest common divisor of 11 and u?
1
Let k(q) = q**2 + 17*q + 192. Let m be k(-20). Let f be (-7)/(7/(-3))*3. What is the highest common divisor of f and m?
9
Suppose -2711 - 97 = -54*q. Suppose 0 = -5*g - 0*g + 20. What is the greatest common divisor of q and g?
4
Let q be -7 + (-506)/(-6) - (-14)/(-42). What is the highest common factor of 224 and q?
7
Let s be (-6 - 0)/((-9)/(-45) - (-3)/(-9)). What is the highest common divisor of s and 9000?
45
Let z be 78/585 - (-26)/30 - -407. What is the highest common divisor of 4216 and z?
136
Let j be ((1 - -17) + -9)*19. Calculate the greatest common factor of j and 17613.
171
Suppose -3*j + 95 + 100 = 0. Suppose -2*u = -2, -14*p + 11*p - 3*u + 108 = 0. Let z be (p/140)/((-1)/(-52)). What is the greatest common factor of j and z?
13
Let q(m) = -m**2 + 4*m - 3 + 79 + 20*m + 3*m. Let c be q(22). What is the highest common factor of c and 6?
6
Suppose -5*r + 82 + 28 = 0. Suppose 474 = m + 472. Suppose -m*f + 307 = 131. What is the greatest common divisor of f and r?
22
Let a = -407 + 695. Let s(y) = 15*y + 902. Let t be s(-58). What is the greatest common divisor of a and t?
32
Let c = -71 + 113. Let h be ((-1302)/5 - 0)/(616/70 - 9). What is the greatest common divisor of c and h?
42
Suppose 149 = h + 3*q, 0*q = 5*h - 4*q - 783. Suppose 91 = 2*s - h. What is the greatest common factor of s and 41?
41
Let i(w) = -2*w**2 - 22*w - 49. Let z(q) = -q**2 + q - 1. Let u(c) = -i(c) + 3*z(c). Let l be u(21). Calculate the highest common factor of l and 10.
10
Suppose 5*p + l - 15642 = -3543, 0 = -3*l - 3. Calculate the highest common factor of 55 and p.
55
Suppose -8*u - 13*u + 5*u = -336. Calculate the highest common divisor of u and 525.
21
Let o = 776 - -680. Calculate the highest common factor of o and 336.
112
Suppose 5*x - 340 = 5*v, -3*v + 9*x - 207 = 5*x. Let g = 95 + v. What is the greatest common factor of g and 20?
10
Let l = 634 - 513. Calculate the highest common divisor of l and 550.
11
Suppose 0 = 4*i + 5*c - 71, 19 = 3*i + 2*c - 29. Let n = i + -12. Suppose 0 = -2*w - 6, 4*s - 40 = n*w + 2*w. What is the highest commo